 14*o - 16. Calculate z(-6).
-4
Let n(v) = -v**2 + 7*v - 14. What is n(8)?
-22
Let o(i) = -i**2 - 2*i + 12. Give o(-7).
-23
Let b(l) = -3*l - 3. Calculate b(-1).
0
Let n(c) = 2*c**2 - 12*c - 77. Determine n(9).
-23
Let w(q) = 3*q**2 + 7*q - 1. Determine w(-3).
5
Let q(d) = d**2 + 14*d - 18. Give q(-15).
-3
Let g(p) = p**3 - 10*p**2 - 14*p + 20. What is g(11)?
-13
Let b(r) = 2*r**2 + 5*r - 7. Give b(3).
26
Let n(h) = 7*h + 89. Calculate n(-14).
-9
Let f(j) = -j**2 + 7*j - 3. What is f(5)?
7
Let l(w) = 3*w - 4. What is l(-2)?
-10
Let p(u) = u**3 - 6*u**2 + 7*u. What is p(5)?
10
Let z(u) = u**3 - 7*u**2 - 4*u - 17. Calculate z(8).
15
Let g(q) = 9*q - 7. Determine g(-1).
-16
Let z(p) = 2*p**3 + 27*p**2 - 11*p + 34. Calculate z(-14).
-8
Let z(d) = d**3 - 6*d + 4. Determine z(2).
0
Let s(l) = 21*l - 301. Calculate s(14).
-7
Let k(y) = -y**2 - 2*y - 2. Determine k(2).
-10
Let b(u) = 23*u - 22. Give b(1).
1
Let u(c) = -2*c**2 + 7*c - 2. Calculate u(5).
-17
Let r(k) = -k**2 - 12*k + 13. Give r(-12).
13
Let d(j) = j**2 + 12*j - 25. Calculate d(-14).
3
Let t(q) = -q**3 - 19*q**2 - 33*q + 42. Calculate t(-17).
25
Let w(t) = -7*t + 5. Give w(-1).
12
Let x(d) = -9*d + 4. What is x(-7)?
67
Let n(i) = i**3 + 2*i**2 - 2*i - 4. Calculate n(-3).
-7
Let o(l) = -23*l - 42. Give o(-2).
4
Let b(u) = -u**3 + 3*u**2 - 9. Give b(3).
-9
Let p(m) = m**2 + 11*m - 84. Give p(-16).
-4
Let o(i) = i**3 - 3*i**2 + 5*i + 2. Calculate o(3).
17
Let q(i) = -2*i**2 - i + 4. Calculate q(2).
-6
Let t(x) = 2*x**2. Determine t(-2).
8
Let t(h) = 5*h + 12. What is t(6)?
42
Let x(r) = -r**3 + 12*r**2 + 11*r + 10. Calculate x(13).
-16
Let z(g) = -2*g**2 - 26*g - 60. Determine z(-10).
0
Let v(y) = y**3 - 10*y**2 + 25*y - 14. What is v(6)?
-8
Let i(v) = 5*v + 8. What is i(-8)?
-32
Let g(n) = -4*n - 16. What is g(-10)?
24
Let m(z) = -z**3 + 59*z**2 + z - 65. Give m(59).
-6
Let n(c) = 18*c**2. Calculate n(-1).
18
Let c(s) = -s**2 + 21*s + 7. Calculate c(15).
97
Let i(f) = -f**3 - 12*f**2 + 14*f + 166. What is i(-12)?
-2
Let k(q) = -q**3 + 13*q**2 - 11*q - 6. Give k(12).
6
Let n(p) = 3*p**2 - 53*p - 15. Give n(18).
3
Let m(s) = -s**2 + 7*s - 1. Give m(6).
5
Let l(d) = -5*d - 16. Determine l(-12).
44
Let w(f) = f**3 + 8*f**2 + 5*f - 4. Give w(-5).
46
Let q(h) = h + 10. What is q(5)?
15
Let w(m) = -m**2 + 9*m - 5. Calculate w(7).
9
Let x(v) = v**3 - 12*v**2 + 20*v - 3. Calculate x(10).
-3
Let d(k) = -k**2 + 15*k - 4. What is d(15)?
-4
Let x(p) = p**2 - p - 9. Give x(7).
33
Let y(l) = -l**2 - 6*l - 3. What is y(-3)?
6
Let a(b) = -b**3 - 11*b**2 + 11*b + 18. What is a(-12)?
30
Let v(y) = -2*y - 50. Determine v(6).
-62
Let a(d) = -27*d - 41. Give a(-2).
13
Let m(h) = -h**3 - 21*h**2 + 2. Determine m(-21).
2
Let w(u) = -3*u + 42. Calculate w(14).
0
Let y(d) = d**3 - 11*d**2 + 26*d + 13. Determine y(7).
-1
Let u(n) = 7*n - 134. Calculate u(16).
-22
Let v(i) = -i**3 - i**2 + 2*i - 13. Calculate v(-3).
-1
Let w(k) = -k**2 + 3*k + 13. Give w(5).
3
Let y(h) = -h**3 + 13*h**2 - 11*h - 16. Determine y(12).
-4
Let z(y) = -y**3 + 11*y**2 - 14*y + 1. What is z(6)?
97
Let g(f) = 3*f - 58. Calculate g(19).
-1
Let n(j) = -8*j**2 - 9*j - 20. What is n(-3)?
-65
Let a(z) = -7*z - 2. Calculate a(-1).
5
Let l(s) = s - 6. Determine l(1).
-5
Let c(f) = 3*f - 8. Give c(-7).
-29
Let t(a) = -12*a**2 + 3*a + 2. What is t(-1)?
-13
Let v(b) = 2*b + 150. What is v(-61)?
28
Let c(v) = v**3 + 4*v**2 - 46*v + 18. Determine c(-9).
27
Let m(r) = -2*r**3 + 5*r**2 + 5*r - 10. Give m(5).
-110
Let v(o) = o**2 + 8*o - 6. Determine v(-9).
3
Let u(x) = -11*x**3 - x. Determine u(1).
-12
Let k(y) = 2*y**3 + 3*y**2 + 4. What is k(-3)?
-23
Let d(l) = l - 5. Determine d(13).
8
Let t(i) = i**3 + 6*i**2 + 2*i - 6. Give t(-6).
-18
Let g(j) = -j**3 + 7*j**2 - 3*j. What is g(6)?
18
Let o(m) = 26*m - 1067. Calculate o(41).
-1
Let t(o) = 4*o**3 - 32*o**2 + 2*o - 10. What is t(8)?
6
Let i(z) = -z**2 + 15*z - 59. Give i(9).
-5
Let g(s) = -s**3 + 6*s**2 - 5*s - 5. Give g(6).
-35
Let o(y) = y**2 - 8*y + 5. What is o(6)?
-7
Let f(d) = -8*d**2 + 10*d + 2. Determine f(-3).
-100
Let l(d) = d**2 + 36*d + 175. Determine l(-30).
-5
Let g(r) = 23*r + 92. What is g(-4)?
0
Let o(r) = -3*r - 57. What is o(-19)?
0
Let w(t) = -10*t - 2. Determine w(-3).
28
Let f(p) = -6*p - 45. Calculate f(-17).
57
Let g(h) = -h**3 + 23*h**2 + 16*h - 357. What is g(23)?
11
Let x(u) = -u**3 + 12*u**2 - 35*u - 10. What is x(6)?
-4
Let t(f) = 4*f + 95. Give t(-33).
-37
Let n(i) = 7*i + 23. What is n(-13)?
-68
Let h(k) = -k**3 - 4*k**2 + k - 9. Give h(-5).
11
Let h(y) = 6*y**2 - 5*y - 1. Calculate h(-3).
68
Let n(g) = -g**3 + 12*g**2 - 5*g + 21. Determine n(11).
87
Let k(x) = -x**3 + 7*x**2 - 5*x - 15. What is k(6)?
-9
Let m(a) = 2*a**2 - 13*a + 9. Calculate m(5).
-6
Let r(z) = -z**2 - 7*z. What is r(-3)?
12
Let w(v) = -v + 12. Calculate w(16).
-4
Let w(b) = 3*b + 22. What is w(-8)?
-2
Let y(l) = l**2 - 13*l + 51. Determine y(10).
21
Let h(s) = -s**3 + 8*s**2 - 7*s + 7. Determine h(6).
37
Let s(z) = -2*z**3 - 36*z**2 + 2*z - 38. Determine s(-18).
-74
Let d(o) = -2*o**3 - 5*o**2 - 2*o - 4. What is d(-4)?
52
Let w(k) = -5*k**2 - k. Give w(-1).
-4
Let w(t) = -4*t + 5. Calculate w(5).
-15
Let i(q) = -5*q**2 - 96*q - 17. What is i(-19)?
2
Let i(v) = v**2 + 18*v + 19. Give i(-20).
59
Let z(c) = -27*c - 6. Determine z(1).
-33
Let m(o) = -o**3 + 3*o**2 + 6*o - 6. Give m(5).
-26
Let d(k) = k**2 - 23*k + 24. Give d(11).
-108
Let r(p) = p**3 + 13*p**2 + 29*p - 18. Give r(-10).
-8
Let x(d) = -d**3 - 13*d**2 - 9*d + 8. What is x(-12)?
-28
Let h(l) = 3*l**3 - 5*l - 3. Calculate h(-2).
-17
Let d(f) = -f**3 + 16*f**2 - 35*f - 53. Give d(13).
-1
Let z(j) = -2*j**3 - 36*j**2 + 39*j + 15. Calculate z(-19).
-4
Let z(m) = -28*m**2 - 2*m - 3. Calculate z(-1).
-29
Let o(v) = v**2 - 4*v. Calculate o(7).
21
Let c(n) = 5*n + 17. Determine c(-8).
-23
Let p(y) = -2*y + 66. Give p(37).
-8
Let d(j) = -j + 10. What is d(-3)?
13
Let x(l) = -2*l + 92. What is x(30)?
32
Let g(m) = m**2 + 29*m - 19. Determine g(-30).
11
Let f(s) = 3*s**2 - 7*s + 3. Determine f(3).
9
Let a(p) = -35*p - 9. Determine a(-2).
61
Let q(z) = -z. Determine q(4).
-4
Let g(p) = -18*p - 8. What is g(-1)?
10
Let m(t) = 2*t**3 - 3*t**2 + t + 2. Give m(2).
8
Let k(l) = -7*l + 3. Calculate k(1).
-4
Let d(t) = -4*t + 2. Give d(0).
2
Let j(g) = -g**2 + 24*g - 41. Determine j(2).
3
Let r(l) = -16*l**3 + 2*l**2 - 1. Calculate r(-1).
17
Let v(o) = o**3 + 7*o**2 + o + 7. Calculate v(-5).
52
Let y(i) = -8*i**2 - 69*i - 5. Determine y(-8).
35
Let o(m) = -13*m**2 + 6*m + 2. What is o(-2)?
-62
Let o(u) = u**2 - 7*u + 5. Give o(4).
-7
Let r(i) = -i**3 + 20*i**2 - 62*i - 21. Give r(16).
11
Let v(t) = t**2 - 12*t - 360. What is v(-14)?
4
Let x(r) = r**2 + 6*r - 7. Give x(-7).
0
Let s(a) = 8*a - 29. Determine s(6).
19
Let l(y) = -9*y - 11. Determine l(-6).
43
Let p(b) = -3*b - 20. Determine p(-13).
19
Let k(p) = p**3 - 19*p**2 - 23*p + 48. What is k(20)?
-12
Let m(b) = 6*b - 83. Determine m(14).
1
Let w(t) = -5*t**2 - 203*t + 83. Calculate w(-41).
1
Let f(w) = 12*w**2 + w + 1. Calculate f(2).
51
Let p(u) = u + 2. Calculate p(6).
8
Let k(b) = -b**2 - 16*b - 16. Determine k(-9).
47
Let y(q) = q**3 - 7*q**2 + 8*q - 12. Give y(6).
0
Let p(t) = -3*t + 8. Calculate p(-8).
32
Let n(f) = 38*f + 4. What is n(-1)?
-34
Let r(j) = -j**3 - 9*j**2 + 5*j. Give r(-8).
-104
Let c(q) = -7*q**2 + 3*q - 1. What is c(2)?
-23
Let o(z) = -z**3 + 7*z**2 - z + 16. Determine o(7).
9
Let j(x) = 7*x**2 + 2*x. Calculate j(1).
9
Let c(f) = -37*f + 5. Determine c(1).
-32
Let x(h) = h + 16. What is x(0)?
16
Let s(m) = -12*m + 96. What is s(8)?
0
Let q(y) = -3*y**2 + y + 7. Calculate q(3).
-17
Let z(j) = -3*j**2 + 12*j - 56. Determine z(8).
-152
Let t(i) = -2*i**3 - 3*i**2 - 3*i - 3. Determine t(0).
-3
Let h(s) = -4*s**3. Calculate h(-1).
4
Let s(x) = -x**3 - 11*x**2 - 12*x - 6. Calculate s(-10).
14
Let r(y) = y**2 + y - 12. Determine r(-3).
-6
Let b(w) = -2*w**2 - 11*w + 6. What is b(-6)?
0
Let f(s) = 4*s**3 + 2*s**2 + 2*s + 2. Determine f(-1).
-2
Let w(d) = -9*d**3 + d**2 + d - 3. Calculate w(1).
-10
Let f(u) = 3*u - 10. Calculate f(5).
5
Let u(x) = x**3 - 14*x**2 - 30*x - 33. Determine u(16).
-1
Let r(n) = 39*n**3 - 3*n**2 - 3*n - 1. Give r(-1).
-40
Let v(s) = -s**3 - 17*s**2 - 13*s + 52. Gi